 = 0. Let k be 6*43/u*-3. Let c = k + -52. List the prime factors of c.
2, 17
Let k = 48 - -35. Suppose 0 = k*p - 86*p + 834. Suppose -4*x + p = 3*o - o, x = -4*o + 521. What are the prime factors of o?
3, 43
List the prime factors of ((-3348)/24 - -32)*2704/(-10).
2, 13, 43
Let g(b) = 769*b + 1366. What are the prime factors of g(6)?
2, 5, 13, 23
Let q(o) = -90*o - 1. Let j(x) = -x**2 + 10*x + 8. Let l be j(11). List the prime factors of q(l).
269
Let n be (-102)/(-9)*9*(-4)/(-2). Suppose -3*m = 3*i - 750, -5*i - 296 = -2*m + n. List the prime factors of m.
2, 5
Let v(t) = t**2 - 11*t + 19. Let q be v(-10). Let m = q + -33. List the prime factors of m.
2, 7
List the prime factors of 1*((-386787)/(-7) - (-80)/(-280)).
5, 43, 257
Let o = -428 - -473. Let c = o - -571. What are the prime factors of c?
2, 7, 11
Let t be 36536/6*(-12)/(-16). Suppose 14*a - 12883 = -t. What are the prime factors of a?
2, 3, 11
Let d(s) = -s**2 - 55. Let r(b) = b**2 + b + 61. Let j(y) = 4*d(y) + 5*r(y). List the prime factors of j(-20).
5, 7, 11
Suppose -33109 = -8*j + 105809 + 42682. List the prime factors of j.
2, 5, 227
Suppose 0 = -15*u + 27*u - 20*u + 21840. What are the prime factors of u?
2, 3, 5, 7, 13
Let p = 4112 - -2181. List the prime factors of p.
7, 29, 31
Let r be (-1)/(6/(-14) + 122/252). Let n = r - -18. Suppose -2*j = -5*i - 117, n = 3*j + i - 4*i - 162. List the prime factors of j.
3, 17
Let d be 8/84*-3*-7*1. Let g(f) = 10*f**3 + 3*f - 4. Let p be g(d). Suppose 0 = 8*s + 2 - p. List the prime factors of s.
2, 5
Let x be (-5)/(-4) - 2/((-48)/(-16326)). List the prime factors of x*(1/3 - 26/42).
2, 97
Let n(w) = w - 1. Let d(m) = 7*m - 4. Let a(x) = -d(x) + 4*n(x). Let z be a(-2). Suppose -5*h + z = -19. What are the prime factors of h?
5
Let c(x) = -31 + x**3 - 9*x**2 - 22*x - 31 + 23*x**2 + 9*x. Let b be c(-11). Let o = -254 + b. What are the prime factors of o?
2, 5, 19
Suppose 44636 + 44224 = l + 11*l. What are the prime factors of l?
5, 1481
Let c(i) = -i**3 + i + 32. List the prime factors of c(-17).
2, 7, 11
Let p = -5566 - -79573. What are the prime factors of p?
3, 2741
Let w = 830 + 247. Let k = -256 + w. List the prime factors of k.
821
Suppose 2*w - 16 = -2*j, 0*j + 3*w = 2*j - 31. Suppose -3*q + j = -1. Suppose -q*k + 4*b - 34 = -162, -3*k - b = -112. What are the prime factors of k?
2, 3
Let k = -248 - -245. List the prime factors of ((-470)/15 + 4)/(k/36).
2, 41
List the prime factors of 178*-1*(6 + (-174)/12).
17, 89
Let a = 66649 - 30003. What are the prime factors of a?
2, 73, 251
Let t = 545 + -195. Let p be (-8)/(-3)*12/8. Suppose -p*y = -t + 66. What are the prime factors of y?
71
Let z = -134 - -70. Suppose 398 = 4*u - 3*j - 9, 181 = 2*u + 3*j. Let f = z + u. List the prime factors of f.
2, 17
Let u(l) = -l**3 - 10*l**2 - 12*l + 3. Let g(s) = -s**2 - 13*s + 19. Let t be g(-15). Let m be u(t). List the prime factors of (m/12)/(-2)*54/(-4).
2, 3
Suppose 8 = -6*z + 8*z. Let b(l) = -l**2 - 6*l - 3. Let h be b(-4). Suppose -h*m = -2*m - z*s - 189, -3*m = -2*s - 195. List the prime factors of m.
67
Let t = 73 - 71. Suppose 16 = t*i + 4. Suppose i*b + 840 = 12*b. What are the prime factors of b?
2, 5, 7
Let o(u) = -u**3 - 57*u**2 - 819*u - 69. List the prime factors of o(-39).
2, 3, 7, 107
Let p = 186 - 46. Suppose 0 = 3*w - 3*f + 7*f + p, 3*f - 38 = w. Let x = 73 + w. What are the prime factors of x?
29
Suppose -3005 = -5*b - 43*c + 48*c, 3*b + 4*c - 1775 = 0. Let l = b - 408. What are the prime factors of l?
3, 7
Let t be (-1 - 0)/((-14)/630). Suppose -a = -t - 354. Suppose 5*z = -3*g + a, -4*z - 819 = -5*g - 117. List the prime factors of g.
2, 3, 23
Suppose 3*g + 3*z = 11412, 0 = 10*g - 8*g + z - 7601. What are the prime factors of g?
3797
List the prime factors of -2 - -27180 - (-31 - 484/(-22)).
31, 877
Let l be -1*1/((-7)/98). Suppose -13*m = -l*m + 96. List the prime factors of m.
2, 3
Let r = 62704 + -43951. What are the prime factors of r?
3, 7, 19, 47
Suppose -35 = -8*k - 3. Suppose -k*g = i - 289, 326 + 257 = 2*i + 3*g. List the prime factors of i.
293
Suppose 5*j + 10*v = 6*v + 37302, 0 = 2*v - 6. List the prime factors of j.
2, 3, 11, 113
Suppose -5 - 27 = -a. Suppose a = 9*o - 4. Let r(z) = z**2 + z + 10. What are the prime factors of r(o)?
2, 3, 5
Let s be -3 - (-1 + -6 - -2). Let j(o) = o**3 - s*o + 3 + 2*o**2 + 4 - 8*o**2 + 0*o**2. What are the prime factors of j(7)?
2, 3, 7
Let u be ((-2)/18*-9)/(0 - 1). List the prime factors of 0/(2 - (4 + u)) - -330.
2, 3, 5, 11
Let a = -1607 - -1572. Let v be 1/(40/(-42) - -1). Let q = v - a. List the prime factors of q.
2, 7
Let y be -787 + -7 + 11 + -5. Let l = -18 - y. List the prime factors of l.
2, 5, 7, 11
Suppose -3*x + 5*q = -11, 0 = -5*x + 5*q - 2*q + 13. Let j(i) = 18*i**3 - 3*i**2 + 2*i + 1. List the prime factors of j(x).
137
Let w be -1*(-2)/(-2) - 60350/(-5). Suppose 36*d - w = 5067. What are the prime factors of d?
2, 7, 17
List the prime factors of ((-788)/(-20))/(4/1180).
59, 197
Suppose 94 = 6*z + 22. Suppose 4*m + z = 20. Suppose -5*s = -m*r + 3*r - 112, 9 = 3*s. What are the prime factors of r?
97
Let v(p) = 3*p**2 - 6*p - 7. Let d be v(-2). Let i(t) = 2*t**2 - 23*t - 9. What are the prime factors of i(d)?
2, 89
Let h be ((-100)/(-75))/((-1)/27). Let z = h - -47. Suppose 3*v = 104 - z. What are the prime factors of v?
31
Let a(x) = x**3 + 26*x**2 + 25*x + 2. Let l be a(-25). Suppose -l*q - 5*g = -369 + 16, -q = -2*g - 190. List the prime factors of q.
2, 23
Suppose -u - 3 = -2*u + 5*z, 84 = 4*u - 2*z. Suppose 0 = -u*t + 24*t - 48. Let o = 191 - t. List the prime factors of o.
11, 13
Let h = -13 + 16. Suppose -2*r = -5*v - 24, 0 = -r - h*r - 3*v - 4. Suppose r*c - 17 - 5 = 0. List the prime factors of c.
11
Let a = 76147 - 29479. List the prime factors of a.
2, 3, 3889
List the prime factors of -8 - 4/(-10)*395.
2, 3, 5
Suppose -h + 47 = 3*b + 23, 48 = 2*h + b. Suppose -22*i + h*i = 260. List the prime factors of i.
2, 5, 13
Let o = 28224 - 18727. What are the prime factors of o?
9497
Suppose 4*i - 15553 = 5*s, 2*i + 20*s - 7779 = 23*s. Suppose i = 10*f + 532. What are the prime factors of f?
5, 67
Let g = -23278 - -34135. List the prime factors of g.
3, 7, 11, 47
List the prime factors of (-2852265)/52*(-1 + -7)*15/90.
5, 14627
Suppose -38866 = -2*f - 4*m + 3*m, m = 4*f - 77732. List the prime factors of f.
19433
What are the prime factors of (0/11 + 402)*8/12?
2, 67
Suppose -5*x = -141 - 269. Let u = x - -51. What are the prime factors of u?
7, 19
Suppose 3*f - 5*t - 11646 = f, -t - 29092 = -5*f. List the prime factors of f.
2, 2909
Let h(t) be the second derivative of 8*t + 18*t**3 + 0 - 3/2*t**2. List the prime factors of h(1).
3, 5, 7
Let o(d) = 780*d**2 - 4*d - 3. Let a be o(-2). Let w = -2225 + a. List the prime factors of w.
2, 3, 5
Suppose -r + 1633 = 4*d, 5*d - 1638 = d - 2*r. Let g = d - 154. What are the prime factors of g?
11, 23
Let n = -16 - -32. Let l(j) = j**2 - j - 1. Let y(k) = -5*k**2 - 18*k + 38. Let w(b) = -6*l(b) - y(b). List the prime factors of w(n).
2, 3
Let w = 21335 + -14711. List the prime factors of w.
2, 3, 23
Let o(w) = 349*w**2 + 10*w - 3. Let x be o(1). Suppose -q + x = d, 4*d + 475 = -5*q + 1897. List the prime factors of d.
2, 179
Let y(q) = q**3 - 21*q**2 - 7*q - 14. List the prime factors of y(26).
2, 199
Suppose 25 = -2*c - 3*c - 3*t, -2*t = -2*c + 6. Let x be (-8)/c + 1 + -75. Let f = -27 - x. List the prime factors of f.
43
Suppose 9*k - 539562 = -105*k. What are the prime factors of k?
4733
Suppose 5*u + 24 - 9 = 0, 4*s - u = 29699. Suppose 16*i + 13*i - s = 0. List the prime factors of i.
2
Suppose -2*s - 2 = -10. Suppose 41 = 4*x - 5*k, 8*x - 10*x = s*k + 12. Suppose x*i = 402 + 178. List the prime factors of i.
5, 29
Suppose -2*y + 2*v = 12, -25 + 7 = y - 4*v. List the prime factors of (y + (-2702)/4)*-2.
5, 271
Let o(h) be the second derivative of -h**5/20 - h**4/2 + 2*h**3 - 2*h**2 - 49*h - 2. List the prime factors of o(-9).
131
Let v = 91 + -81. Let s(q) = 83*q + 136. List the prime factors of s(v).
2, 3, 7, 23
Let s(a) be the first derivative of -15*a**2 - 28*a + 10. What are the prime factors of s(-7)?
2, 7, 13
Let p(v) = 224*v + 1. Let g be p(-4). Let t = g + 1880. List the prime factors of t.
5, 197
Su